p(-5). What is the greatest common factor of 2 and m?
1
Suppose -2*o + 90 = 4*i, -16 = -i - 5*o - 7. Calculate the highest common factor of 264 and i.
24
Let p be 3/((-6)/4)*-1. Suppose -i + 39 = p*i. What is the greatest common divisor of i and 65?
13
Let g(z) = 9*z - 13. Let p be g(2). Let v(n) = -6*n**2 + n**3 + 6 + 0*n**3 + 3*n + 2*n. Let j be v(p). What is the greatest common divisor of j and 42?
6
Let t(d) = -29*d + 3. Let n be t(-4). Calculate the highest common divisor of n and 17.
17
Suppose 3 = 5*u - 0*u + 4*a, u = a + 6. Let j(y) = -5*y - u*y + 6*y. Let h be j(-6). What is the highest common divisor of h and 36?
12
Let z = 12 + -9. Suppose 0 = -2*c + z*k - 4*k + 159, k = -3*c + 240. What is the greatest common factor of 9 and c?
9
Suppose t - 23 + 96 = 3*j, -j - 3*t + 11 = 0. What is the greatest common divisor of 299 and j?
23
Let k = 3 - -1. Let z = k + 4. Let a(v) = v**3 - 9*v**2 + 2*v + 6. Let o be a(9). What is the greatest common divisor of z and o?
8
Suppose 3*r + 22 = 2*r. Let d = -6 - r. Calculate the highest common factor of 176 and d.
16
Let c(w) = -2*w**2 - 8*w - 5. Let k be c(-3). Suppose 3*m - 23 = -5*l + 12, 0 = 3*l - 12. Let f = m + 3. What is the highest common divisor of k and f?
1
Suppose 0 = -t + 3 - 0. Let l(a) = 15*a - a**2 - a + 6 - 18 + 0*a. Let o be l(11). What is the greatest common divisor of t and o?
3
Let d(z) = 19*z**2 + 2*z - 1. Let q = -6 - -7. Let o be d(q). What is the greatest common factor of 10 and o?
10
Suppose -22 = 3*n - 64. What is the greatest common factor of 14 and n?
14
Let b(l) = -l**2 + 9*l - 4. Let i be b(9). Let q be (-3522)/(-30) - i/(-10). Calculate the highest common factor of 13 and q.
13
Suppose 5*p - 102 = 198. Suppose -3*y + y + p = 0. Calculate the highest common factor of y and 45.
15
Let j = 6 - 4. Suppose -4*c + j*c = -34. Calculate the highest common divisor of 68 and c.
17
Let f = -6 - -21. What is the greatest common factor of 15 and f?
15
Let x(a) = a**3 - 3*a + 6. Let l be x(3). Calculate the highest common divisor of l and 60.
12
Let a(u) = u**2 + 5*u - 10. Let m be a(-7). What is the greatest common divisor of m and 28?
4
Let v(o) = -2*o + 1. Let i be v(-4). Let g be -1 + 0 + (8 - 4). Calculate the highest common factor of g and i.
3
Let t(h) = h**3 - 12*h**2 + h + 11. Let m be t(12). What is the highest common divisor of 23 and m?
23
Let s(c) = -45*c**3 + 2*c + 1. Let b be s(-1). What is the greatest common factor of 22 and b?
22
Let q be ((-486)/(-72))/((-1)/(-8)). What is the greatest common factor of q and 6?
6
Let k = 435 - 393. Let p(f) = f**3 + 6. Let x be p(0). Calculate the highest common factor of k and x.
6
Suppose -2*n = -7*n + 85. What is the highest common divisor of n and 51?
17
Let b(t) = t + 1. Let d be b(-6). Let x(z) = -z**3 - 6*z**2 - 6*z + 6. Let h be x(d). Let u = 17 - h. Calculate the greatest common factor of u and 30.
6
Suppose -3*z + 2*z = 0, -3*z + 108 = 2*o. What is the greatest common factor of 81 and o?
27
Let m(r) = -r**3 + r**2 - r - 1. Let w be m(0). Let n = 3 - w. Suppose n*j - 6 = 6, 4*f = 5*j + 57. Calculate the highest common divisor of 6 and f.
6
Let f(q) = -2*q - 3. Let b(c) = -c - 1. Let m(i) = 3*b(i) - f(i). Let y be m(-4). Let d = -14 - -18. Calculate the highest common factor of d and y.
4
Suppose 10*j = 6*j + 80. Let o = j - 12. Calculate the greatest common factor of 1 and o.
1
Suppose -3*g - 3 + 12 = 0. Let v = g - 2. Let a = 11 - 3. Calculate the greatest common factor of a and v.
1
Let p = 7 - 5. Suppose p*s + 66 = -8. Let y = -26 - s. Calculate the highest common divisor of 11 and y.
11
Let q(a) = 5*a**2 + 3*a + 6. Let s = -12 + 8. Let g be q(s). Suppose -4*w + 102 + g = 0. Calculate the greatest common factor of 4 and w.
4
Let a = -14 + 34. What is the greatest common divisor of a and 30?
10
Suppose -2*x = -5*k + 45, -2*k - 4*x = 25 - 67. Suppose c - k = -2. What is the greatest common divisor of c and 81?
9
Suppose -3*l + 3*y = -150, -4*l + 175 = y - 0*y. What is the highest common factor of 15 and l?
15
Let r(f) = f + 1. Let x be r(2). Suppose -14 = -w - x*w + 3*p, -5*p = 10. Calculate the greatest common factor of w and 14.
2
Suppose -19 = 5*a - 49. Let z be 6/9 - 4/a. Suppose -l + 55 - 11 = z. What is the highest common divisor of l and 4?
4
Suppose 6*v - 12 = 4*v. Let k = v - 0. Calculate the greatest common factor of 42 and k.
6
Suppose 4*u + 8 = 20. Suppose -2*f - 7 = -u. Let r = 1 - f. Calculate the greatest common factor of 9 and r.
3
Let d be ((-4)/(-6))/((-2)/(-3)). Let a = d + 4. Suppose a*h + 15 = -4*i + 61, -5*i - 2*h = -66. What is the highest common factor of i and 2?
2
Suppose -n + 2*n = -5*z + 360, 5*z - 360 = 4*n. What is the highest common divisor of 8 and z?
8
Let d be (-2)/(-7) - (-122)/14. Let i(w) = 4 + 3*w + 6 - 10*w**2 + 1 - w**3. Let o be i(-11). Calculate the highest common divisor of o and d.
9
Let r(y) = y + 5. Let a be r(-3). Suppose -6 = a*d, -3*p + 5*d + 6 = -4*p. What is the greatest common divisor of p and 72?
9
Let k = -161 - -287. What is the highest common factor of k and 18?
18
Let h(w) = -257*w**2 + 3*w - 2. Let a(l) = 128*l**2 - l + 1. Let r(k) = 5*a(k) + 2*h(k). Let q be r(-1). What is the highest common divisor of 14 and q?
14
Suppose 0 = -2*n - 0*n + 2*c - 2, -2*n - c = -10. Let j = -34 - -56. Suppose n*w - j = 14. Calculate the highest common factor of w and 60.
12
Suppose -3*q = 5*z - 29, 3*q = z - 2*z + 25. Suppose 5*v - 82 = q. What is the highest common divisor of 12 and v?
6
Let m(n) = n - 5. Let u be m(15). Calculate the greatest common factor of u and 50.
10
Let g be (-17)/(3 + -7 + 3). Let b = -9 - -14. Suppose -b*v + 15 = -0*v, -p = 3*v - g. What is the highest common divisor of 72 and p?
8
Let d = 13 + -7. Let k = d - 3. Suppose -k*t + 0*t = -21. Calculate the highest common factor of 49 and t.
7
Let x(q) = 5*q + 27. Let k be x(-5). Calculate the greatest common factor of 18 and k.
2
Let s be 174 - (2 + 2/2). Let w(o) = 9*o + 1. Let f be w(3). Let c = -9 + f. What is the greatest common factor of c and s?
19
Let v = 41 - 11. Let g(p) = p**3 - 6*p**2 + 2*p - 14. Let t be g(6). Let i be t - 2 - 168/(-7). Calculate the highest common factor of i and v.
10
Let k(w) = w**2 + w. Let j be k(1). Let r(t) = 5*t + 2. Let q be r(j). Suppose 0 = -2*p + 18 + q. What is the highest common factor of 15 and p?
15
Let b(l) be the third derivative of l**4/24 - l**3 - 4*l**2. Let a be b(8). What is the highest common factor of 4 and a?
2
Suppose -4*j - 42 = -j. Let g be 33/(j/(-4) + -3). Suppose -5*a = -23 - 7. Calculate the greatest common divisor of a and g.
6
Let n be (-2 + (-201)/12)/((-3)/12). Calculate the highest common divisor of n and 15.
15
Suppose k = 4*p + 19, 4*k - 8*p = -4*p + 64. Suppose 6*x = x + k. Suppose -x*w = -0*w - 21. What is the greatest common divisor of 21 and w?
7
Let y(h) = h**3 - 6 - 3 - 8*h**2 + 7*h + 0*h. Let j be y(7). Let t be 1*3*(-24)/j. Calculate the greatest common factor of t and 64.
8
Let a(j) = -18*j - 1 - 49*j + 10*j. Let c be a(-1). Calculate the highest common divisor of c and 7.
7
Suppose 12*d - 16*d + 48 = 0. What is the greatest common factor of d and 48?
12
Let j be (-2)/(2*-1)*22. Suppose -2*a = 4*l - 968, 2*l - 3*a = -2*a + 484. Calculate the highest common divisor of l and j.
22
Let r(t) = t**2 - 3*t - 2. Let p = 3 + -5. Let z be r(p). Let y = z + -2. Calculate the greatest common divisor of y and 6.
6
Let w be ((-3)/(-2))/(1/(-18)). Let v = 90 - w. Calculate the highest common divisor of v and 13.
13
Let q be (1 - -2)*(33/9 - 0). Calculate the highest common divisor of q and 99.
11
Let j be 63/(4 - (-3 - -6)). Calculate the greatest common divisor of 7 and j.
7
Let y = -5 + 6. Suppose -3*g = 2*z - 44, 5*z - 96 = -4*g - 35. Suppose g = t + 6. Calculate the greatest common factor of t and y.
1
Let j = 24 - 0. Let q be j/(2*(-2)/(-8)). Calculate the greatest common factor of q and 6.
6
Let u be (1/(40/(-12) - -3))/(-3). What is the highest common factor of u and 2?
1
Let i = 123 - 22. Let h = 413 - i. Suppose -2*r = -5*r + h. What is the highest common divisor of 26 and r?
26
Let m = -12 - -16. Suppose -3*k = m*i - 9*i - 52, 32 = k + 2*i. Calculate the highest common factor of 6 and k.
6
Let u be ((-189)/3)/(-3) + -3. Suppose -4*w